Let o(u) = u. Suppose y + 18 = -2*y. Let q be o(y). Is l(q) a prime number?
False
Let g be 6/39 - (-72)/39. Suppose -5*k + 22 = -3*b, -g*k + k = -3*b - 2. Suppose -k*o + 174 = -281. Is o prime?
False
Suppose 3*k + 6*s - 2*s = 4693, -3*s + 1571 = k. Is k prime?
True
Let h be (-1)/(-1 - 12/(-15)). Let f(u) = u**3 + 4. Is f(h) a prime number?
False
Let b(w) be the second derivative of 22*w**3/3 + w. Let g be b(1). Is (g/4)/((-2)/(-10)) prime?
False
Suppose -6*a = -a - 745. Is a a prime number?
True
Let y(h) = h**2 + 12. Let l be y(0). Let x be 3/l + (-375)/(-4). Is x/6 + 10/(-15) a composite number?
True
Is 2392 + 6*5/10 prime?
False
Is (-21)/(-6) + -4 + (-10449)/(-6) prime?
True
Let k be 9*(0 - -1) + -1. Let x = k + -4. Suppose -303 = x*c - 899. Is c a composite number?
False
Suppose -2*p + 5*m + 3059 = 0, 0 = -m + 4 - 9. Is p a prime number?
False
Let y(r) = 150*r + 47. Is y(6) composite?
False
Let b = -8 + 681. Is b a prime number?
True
Let q(f) = 70*f - 2. Let t(c) = -c**3 - 7*c**2 - 9*c - 9. Let x be t(-6). Let p be q(x). Suppose 0*o - 4*o + 660 = -4*j, p = 4*o + 4*j. Is o a prime number?
False
Suppose -3*k + 4*q = -146 - 793, -2*k + 622 = -4*q. Is k prime?
True
Suppose -2*d = 179 - 505. Let q = -34 + d. Is q a composite number?
True
Suppose 0 = -0*b - 3*b. Suppose 4*s - 55 + 3 = b. Is s prime?
True
Let g be 2/(-1) - (-7 + 0). Suppose -x = -5*c + 25, g*x = 4*c + 4 - 3. Is c composite?
True
Suppose -5*g + 318 = 3*j + 20, -4*g = 2*j - 202. Is j a composite number?
True
Let b = 9 + -5. Suppose -b*o = -2*o + 236. Let k = 195 + o. Is k a prime number?
False
Suppose 4*b = 6*b. Let h be ((-3)/2)/(6/16). Let s = b - h. Is s prime?
False
Let p(n) = -6*n - 3. Let z = -2 + 1. Let u(k) = -k - 1. Let c(h) = z*p(h) - 2*u(h). Is c(4) a composite number?
False
Is 2/3 + (-458)/(-6) prime?
False
Let x(n) = n**3 + 5*n**2 - 7*n - 4. Let d be x(-6). Suppose b = d + 11. Is b composite?
False
Let u be ((-1 - 3) + 1)*-1. Suppose -u*k + 47 - 5 = 0. Is k a composite number?
True
Suppose 4*j = -z - 798, 4*j = -z - 3*z - 792. Let v = -78 - j. Is v prime?
False
Let b(r) = -r**2 - 4*r + 5. Let u be b(-5). Suppose u*j + 4*j = 0. Suppose 0*i - i - 5*k = -5, -i + 2*k + 12 = j. Is i a composite number?
True
Is 3 + 2 + -6 + 918 composite?
True
Is (-22)/99 + 1829/9 prime?
False
Suppose u = 5*l - 18, 0*l = -2*l + u + 9. Suppose -l*a + 6 = -0. Is (-638)/(-12) + a/(-12) a composite number?
False
Let q(u) = -u**3 - 2*u**2 - 5. Let t be q(-5). Suppose -2*b + 328 + t = 0. Is b prime?
True
Suppose u = -4*u - 75. Is (-275)/(-3) - (-10)/u prime?
False
Let r = 3021 + -2054. Is r composite?
False
Is (-8)/(-4) - (-85 + 0) a composite number?
True
Suppose 167 + 466 = 3*x. Is x a composite number?
False
Suppose 2*j - 26 = -5*q, -q + 0*q - 2 = -2*j. Suppose 1 + 2 = -d, -j*v + 15 = 2*d. Is v prime?
True
Let g = 3 - 6. Let t(o) = -o - 7. Let w be t(g). Is 2/(-8) - 153/w a prime number?
False
Let c be 1/((-2)/(-4)) - -1. Suppose 0 = -c*s + 307 + 128. Is s prime?
False
Suppose 3*s - 6 = -3*t, t + 4 = -t + 2*s. Suppose t = 5*p - 281 + 96. Is p a prime number?
True
Let i(j) = -7*j - 3. Let l be i(-2). Let n = l - 9. Suppose n*p - 413 = p. Is p prime?
False
Suppose 636 = -4*q + 2344. Is q composite?
True
Suppose 2*w - 4090 = 7*w. Let u be w*(-3)/((-12)/(-2)). Suppose 2*n + 2*s = -s + u, 408 = 2*n + 2*s. Is n composite?
True
Let q = 6 + -4. Suppose -q*n + 369 = n. Is n a composite number?
True
Let n(w) = w - 2. Let o be n(2). Suppose 2 = 3*i - 2*j, 2 = -3*i + 3*j - 1. Suppose -i*d - 16 = o, 4*v + 0*d = -4*d. Is v a composite number?
True
Let b(f) = -f**3 + 5*f**2. Let s be b(5). Suppose 0 = -4*q - s*q + 148. Is q a prime number?
True
Is ((-87)/6)/((-2)/92) a prime number?
False
Suppose 4*p - 5*x - 25 = -p, 5*p - 3*x = 15. Is 2 + -1 + p - -13 prime?
False
Suppose 5*m - 5*y - 1780 = 0, 5*m + 3*y - 2*y - 1762 = 0. Is m a prime number?
True
Suppose 2*d + 0*d + 550 = 0. Let q = d + 534. Is q a prime number?
False
Let l = -9 - -2. Is 2/(-4)*(l - 351) composite?
False
Let z(b) = 327*b**2 - 4*b + 8. Is z(3) a composite number?
False
Let t = 48 - -30. Suppose 4*p - t = -2*k, 0*p + 8 = 4*p. Is k prime?
False
Suppose 5*g = -25, r = -4*r - 3*g - 90. Let s be ((-6)/9)/(1/r). Is (s/(-4))/((-2)/28) a prime number?
False
Suppose 2*u - 7*u - 5*j + 10 = 0, 14 = 4*u + j. Suppose u*k = -k + 245. Is k a composite number?
True
Let p be 24*((-60)/9)/2. Let m = p - -114. Is m composite?
True
Let w = 364 + -151. Is w a prime number?
False
Suppose 32 = 3*g - 2*g. Suppose -4*q - g = -8*q. Suppose -3*m = -3*r + q*r - 170, 0 = 4*r - 4. Is m a composite number?
True
Let y = 0 - 0. Let h be (y + 1)/((-1)/(-55)). Suppose -z = -2*z + h. Is z a prime number?
False
Suppose -4*s - 2*a - 3*a + 1954 = 0, -2*s + 988 = -3*a. Is s a composite number?
False
Let w be (-4)/(-18) + (-5468)/(-18). Suppose -250 = 5*g + 5*t, 0*g - 45 = g + 2*t. Is w/22 - 10/g composite?
True
Suppose 0*q + 5*q + 4*m = -16, -4 = 4*q + m. Suppose -2*t + 249 = 5*p, q = 5*p - 0*p + t - 252. Is p a composite number?
True
Let t = -5 + 7. Suppose -t*l - 4*a = -168, 20 = -3*a + 8*a. Suppose -2*f = 2*f - l. Is f a prime number?
True
Let w = 35 - -211. Suppose 2*z - v - v - w = 0, z - 3*v - 131 = 0. Is z prime?
False
Let c = -11367 - -18409. Is (c/7)/((-4)/(-2)) a composite number?
False
Let c = 6 + -6. Suppose -p + 11 = -5*m, c = -3*p - 2*m + 16 - 0. Is 0/(p/(-2)) - -6 composite?
True
Let w be 2/4 + (-362)/4. Let s = 124 - w. Is s prime?
False
Suppose 0*n - 3*x + 312 = n, -3*n + 4*x + 962 = 0. Let d = -115 + n. Is d a composite number?
True
Let y = 1340 + -543. Is y composite?
False
Let h be 7/1 - (-3)/(-1). Let n be 14/h - (-6)/(-4). Suppose -n*j - 23 - 135 = -4*b, j - 106 = -3*b. Is b a composite number?
False
Suppose -j - 302 = 2*j + 4*k, -3*j + 3*k - 288 = 0. Let v = 195 + j. Is v a composite number?
False
Suppose 0 = 4*j - 38 + 14. Let f = j + -3. Suppose 0*t - 9 = -f*t - 4*z, 5*z - 13 = -4*t. Is t a composite number?
False
Suppose 4*r = -2*c + 110, 5*r - 13 = -2*c + 92. Suppose 2*z + x = c, -5*z - 2*x + 162 = x. Is z a prime number?
False
Suppose -q + c = -8, 6*q - 2 = 5*q - c. Suppose 0 = -q*s + 2*s - 84. Let z = s - -125. Is z composite?
False
Let s(l) = -4*l**3 - l**2 - l - 1. Let h be s(-1). Suppose h*v - m = 6 + 190, -4*m + 87 = v. Is v composite?
False
Let i be 1/(-3) + (-4)/6. Is i/4 - (-3572)/16 a composite number?
False
Let m(n) = -n**2 + n + 4. Let q be m(0). Suppose -4*a - 687 = -q*z + 1969, z + 3*a = 684. Suppose z = 5*c + 2*x, 5*c = c - 3*x + 538. Is c a composite number?
True
Suppose -v - v + 180 = -2*o, 0 = 2*o + 2*v + 168. Let f = o - -124. Is f a composite number?
False
Let n(v) = v**2 - v - 1. Let w be n(0). Is w + (-32)/(-1 + 0) prime?
True
Let j(h) = h**3 + 4*h**2 - h + 3. Let b be j(-4). Let p = 11 + 3. Let c = b + p. Is c a composite number?
True
Let u be (75/6)/5*2. Suppose 5*i + 52 = 2*n, 2*i + 15 = i + u*n. Let c = i - -17. Is c a prime number?
True
Let f be (-1 - -2)*1 + -3. Is 2/f - (-19 - -3) a composite number?
True
Suppose 3*c - 185 - 304 = 0. Is c a prime number?
True
Let c = -18 - -44. Let y be -3*2/(-3) + 9. Let s = y + c. Is s a composite number?
False
Suppose -4*r = -319 + 83. Is r composite?
False
Suppose -2*p + 187 + 129 = 0. Let r = p - -5. Is r a composite number?
False
Suppose 4*t - 4 = 4*r - 0, 4*r = -5*t + 50. Let w(s) = 2*s**3 - 8*s**2 - 4*s. Let h be w(t). Suppose -l - 50 = -y + 4*l, l = -5*y + h. Is y a composite number?
True
Let q = -7 + 11. Suppose -3*m = -w - 16, 28 = -3*w - q*m + 3*m. Is 1 - 1*(w + -2) composite?
False
Let d be (2 + -3)/(1/(-395)). Suppose m = 5*x - d, x + 2*m = 4*x - 237. Is x composite?
False
Let h(p) = 1 + 7*p**2 + 0 + 5*p - p**2 - 3*p. Is h(-6) a prime number?
False
Suppose 1 - 2 = k. Let x(p) = -209*p. Is x(k) a composite number?
True
Let c be 1/(-4)*0 + 5. Suppose 5*g - 4*g = 6. Suppose 0 = r - c*v - 46, -2*r + g + 26 = 2*v. Is r composite?
True
Suppose -2*x = 3*x + 4*m + 10, 7 = -2*x - m. Is (-2937)/(-18) + 1/x a composite number?
False
Is 45/1 + (2 - 0) prime?
True
Suppose h + 2 = -0. Let f be 2/h*(-3 - 2). Suppose 2*a = -8, 128 + 163 = f*t - 4*a. Is t prime?
False
Suppose 2*n + 8 = 3*n + 2*t, -5*n = -4*t - 12. Let a(h) = h**2 + 3. Is a(n) composite?
False
Let i = -791 - -1677. Is i prime?